ghest common divisor of b and 243.
27
Suppose -61*h = 11*q - 63*h - 762, -160 = -2*q - 5*h. Suppose 3*b - 290 - 88 = 0. What is the greatest common divisor of b and q?
14
Suppose -4*u - 3574 = -3*s + u, s + 4*u = 1197. Let x = -849 + s. Calculate the greatest common factor of x and 43.
43
Let z = 412 - 408. Suppose -8 = j - 5*j - z*f, -j + 4*f + 22 = 0. What is the greatest common divisor of 78 and j?
6
Let z = 2424 + -16. Calculate the greatest common divisor of z and 112.
56
Let v = -4220 + 4229. What is the greatest common divisor of v and 2403?
9
Let t be (3 - -1)/(152/190) - -215. What is the greatest common factor of 300 and t?
20
Let f(t) = 17*t**2 + 8*t - 142. Suppose 120 = 33*o - 21*o. Let h be f(o). Calculate the greatest common divisor of 26 and h.
26
Suppose 25*z - 1078 = 173 + 24. What is the highest common divisor of z and 527?
17
Suppose 16*p - 316 = -5*t + 12*p, 2*p = 5*t - 322. What is the highest common factor of t and 3008?
64
Let r = 96 - -149. Let c = -220 + r. Calculate the highest common divisor of c and 125.
25
Let k(n) be the first derivative of -7*n**2/2 + 4*n + 3. Let g be k(-6). Suppose 20*m - 1150 = -5*m. Calculate the greatest common factor of g and m.
46
Let f(z) = -z + 3. Let i be f(4). Let n be (-9 + 4 + i)*78/(-9). Suppose -n = -5*t + 23. What is the highest common factor of 10 and t?
5
Let i = -111 - -137. Suppose 0 = -2*a + 4*u + i, -5*u = 6*a - 5*a - 13. Let c be (-1)/(-7) + 1000/7. Calculate the highest common factor of c and a.
13
Let w = 3434 + -3395. What is the highest common factor of w and 78?
39
Let a be 96 + -86 - (7 + (-1)/4*0). Suppose 4*r + 16 = 4*z, -z - 1 + 2 = -4*r. Suppose -z*y + 3 = -4*y. What is the highest common factor of y and a?
3
Let l = 1654 + -1330. Let s be (-212)/(-6) + 2/3. What is the highest common factor of l and s?
36
Suppose -14*d + 12*d = b - 23, -19 = b - 4*d. Let v = 419 + -86. Calculate the greatest common factor of b and v.
9
Let w(d) = d**3 + 36*d**2 - 4*d - 112. Let l be w(-36). What is the highest common divisor of l and 1552?
16
Suppose -2*q = -5*g + 109, -g + 16 = q + 4. What is the greatest common factor of g and 8189?
19
Suppose 6*p - p = 1105. Let u(c) = 106*c + 2441. Let v be u(-23). Suppose v*k - 31 = p. What is the greatest common factor of 28 and k?
28
Suppose 3*b - y - 22567 = 0, -974 = -2*b + 2*y + 14060. Calculate the highest common divisor of 35 and b.
35
Suppose 15 = -4*l - 17. Let c be -3 + (l/(-3))/((-10)/(-180)). What is the highest common factor of 10 and c?
5
Suppose -6*t + t = 0. Suppose -31*x + 26*x + 15 = t. Suppose x*r - 175 = -5*k, 7*r - 8*r = 4*k - 63. What is the highest common divisor of 5 and r?
5
Let m = -412 - -42. Let p be m/(-12)*2 + (-2)/(-6). Calculate the highest common factor of 93 and p.
31
Let a be -1 + -17 - (-16478)/107. Calculate the highest common divisor of 1648 and a.
8
Let s(n) = -243*n - 2179. Let r be s(-9). What is the highest common divisor of 7768 and r?
8
Suppose -1616*b = -1591*b - 10450. Let t be 45/4 + 26/(-104). What is the greatest common divisor of t and b?
11
Suppose 0 = -3*a + v + 591 + 331, -5*v + 1510 = 5*a. Calculate the highest common factor of 1173 and a.
51
Suppose -2*k - 13 = -19. Let p(q) = -2*q**2 - 39*q + 72. Let u be p(-21). What is the greatest common factor of u and k?
3
Suppose 8*t - 1785 = -53*t - 24*t. Let b be ((-9)/12)/((-2)/32). Calculate the highest common divisor of b and t.
3
Suppose 2*f - k - 3000 = -6*k, -4*f + 6014 = 3*k. What is the highest common divisor of f and 5160?
215
Let t(n) = n**3 + 6*n**2 - 18*n + 2 + 5*n**2 + 6*n**2. Let w be t(-18). Suppose 10*s - 64 = w*s. What is the highest common factor of 4 and s?
4
Suppose -3*f + 153 = -0*f. Suppose 24*p + 18 = 30*p. What is the highest common divisor of p and f?
3
Let w(i) = i**3 - 17*i**2 - 27*i - 8. Let y be w(19). Suppose -2*q = 2*b - 9 - 3, -b + 5*q - 12 = 0. What is the greatest common factor of b and y?
3
Let v(m) = -m**3 - 3*m**2 + 38*m + 37. Let r be v(5). Calculate the highest common divisor of 243 and r.
27
Let x(v) = -3*v**2 + 13*v + 248. Let u be x(11). Calculate the highest common divisor of 4732 and u.
28
Let b be 484/6 - (12/(-36) + 1). Suppose -5*j = -5*v + 40, v - 3*j + b = 6*v. Calculate the greatest common divisor of 637 and v.
13
Let w = -300 - -387. Let k(c) = 28*c**2 - 3*c - 2. Let l be -1 + (-2 - (-2)/1). Let g be k(l). What is the greatest common factor of w and g?
29
Let z = 12 + -4. Let p be 7 + -15 + 4 + 1*z. Let n be -8 + p + (93 + 0 - 1). Calculate the greatest common divisor of 8 and n.
8
Suppose 12 = -4*r, -5*f - 19*r + 411 = -16*r. What is the greatest common factor of f and 5838?
42
Let z(l) = 16*l**2 - 2*l + 2. Let r be z(-3). Suppose 35 = 5*g - 29*i + 28*i, 4*g - 42 = -2*i. Calculate the highest common factor of g and r.
8
Suppose 2*d + z = -0*z - 55, 111 = -4*d - 3*z. Let l = 33 - d. What is the highest common factor of l and 12?
12
Let r(p) be the third derivative of -5*p**4/4 - 5*p**3/3 + 176*p**2. Let s be r(-3). Calculate the greatest common divisor of s and 30.
10
Let g = -8612 + 8676. Suppose 5*q - 4*q = 64. What is the highest common divisor of g and q?
64
Suppose 0 = -3*t - 4*s + 324, 0*s - 540 = -5*t + 4*s. Let y(o) = -2138*o + 10870. Let f be y(5). What is the greatest common divisor of t and f?
36
Let o = -3 - -6. Suppose -1015 = -7*p - 994. Suppose 0 = 5*n + o*v - 7, v - p = -5*n + 6. What is the highest common factor of 2 and n?
2
Let i be 121 + -2 - (168/(-7))/(-12). What is the highest common factor of 2847 and i?
39
Let u = 43 - 41. Let s be -22*((-4)/(-4) - u). Let b = 23 + s. Calculate the highest common factor of b and 405.
45
Let t = -624 + 649. Suppose -13*f + t + 40 = 0. Calculate the highest common factor of 505 and f.
5
Let w(h) = 32*h + 1648. Let m be w(-51). Calculate the greatest common factor of 640 and m.
16
Suppose 3*s + 3*w - 36 = 0, s + s = 5*w - 4. Suppose -3*h + s = h, 3*n - 67 = h. Let o = n + -2. Calculate the greatest common divisor of o and 189.
21
Let u be (9/(-18)*38)/(-2*3/276). Calculate the highest common divisor of u and 92.
46
Let m(s) = 2*s**2 + 7*s + 5. Let a be m(-1). Suppose x = -a*x + 16. What is the greatest common factor of 8 and x?
8
Suppose 4*u + 116 - 414 = -6*q, -5*q + 35 = 0. Let c = 161 - 105. What is the greatest common divisor of c and u?
8
Let q(s) = -s**2 + 32*s + 18. Suppose -u + 19 = -3. Let h be q(u). Calculate the greatest common factor of 14 and h.
14
Let h = 109 + -43. Let j = -13 - -19. Calculate the greatest common divisor of j and h.
6
Suppose 2*v - 1134 - 162 = 0. Let p(f) = -f**2 + 128*f + 12. Let x be p(0). What is the greatest common factor of v and x?
12
Let g(j) = j**3 + 11*j**2 + 7*j + 6. Let q be g(-10). Suppose 6*w = 9*w - q. Let h be (1 + 6)*(-84)/(-49). Calculate the highest common factor of w and h.
12
Let a be ((-132)/18 - -2)*12. Let y = 68 + a. Suppose 0 = 2*q - 0*q - 3*v - 5, -y*q + 15 = -5*v. Calculate the greatest common divisor of q and 2.
2
Let k(m) = 2*m**2 - 7*m - 72. Let c be k(12). Suppose -c + 790 = 7*i. Let q = 102 - -39. What is the greatest common divisor of i and q?
47
Let k(i) = 13*i**2 + 133*i + 45. Let t be k(-11). Calculate the highest common divisor of t and 279.
31
Let g be (-1)/(-3) + 85/51 + -2 + 62. What is the highest common factor of 3379 and g?
31
Let y = 26 - 11. Suppose -2*j - 5390 = -3*x, j + 1255 = 4*x - 5940. Suppose -71*i - x = -81*i. What is the greatest common factor of i and y?
15
Let o be 6/4*4/6. Let m(s) = 5*s**3 + s**2 - s. Let a be m(o). Suppose 0*f + 5*g + 7 = -4*f, f - a = g. What is the greatest common divisor of 5 and f?
1
Suppose -2*d + 740 = -2*z, -2*z - 3*d - 527 = 223. Let v = -357 - z. What is the greatest common divisor of 25 and v?
5
Let x be ((-36)/12)/((-6)/8). Suppose -5*c = -x*s + 30 - 415, 4*s - 231 = -3*c. Calculate the highest common divisor of c and 11.
11
Let w be (-14)/21 + (-356)/6. Let b = w - -20. Let s = 16 - b. Calculate the greatest common divisor of 14 and s.
14
Let i be 10*(-18)/(-900) + (-1398)/(-10). What is the highest common factor of i and 52?
4
Suppose 3*n = 4*o + 51 + 49, 4*o + 4 = 0. Let f(h) = h**2 - 36*h + 97. Let t be f(27). Let q = t + 194. What is the highest common divisor of q and n?
16
Let x be 20/(-25)*(-29 + -1). Suppose 